emainder when 5974 is divided by 193.
184
Calculate the remainder when 938715 is divided by 66.
63
Calculate the remainder when 142281 is divided by 12.
9
What is the remainder when 54899 is divided by 131?
10
What is the remainder when 6773 is divided by 98?
11
Calculate the remainder when 3275381 is divided by 6.
5
What is the remainder when 9890 is divided by 106?
32
What is the remainder when 54700 is divided by 263?
259
Calculate the remainder when 223267 is divided by 789.
769
Calculate the remainder when 11864 is divided by 919.
836
What is the remainder when 913 is divided by 586?
327
Calculate the remainder when 202166 is divided by 101065.
36
What is the remainder when 44660 is divided by 1438?
82
Calculate the remainder when 53474 is divided by 43.
25
Calculate the remainder when 38023 is divided by 225.
223
What is the remainder when 197076 is divided by 6357?
9
Calculate the remainder when 231321 is divided by 222.
219
What is the remainder when 7088 is divided by 22?
4
What is the remainder when 149318 is divided by 210?
8
What is the remainder when 4374 is divided by 1422?
108
What is the remainder when 3952 is divided by 3742?
210
Calculate the remainder when 16771 is divided by 671.
667
Calculate the remainder when 3263244 is divided by 5.
4
Calculate the remainder when 6803 is divided by 20.
3
What is the remainder when 14513 is divided by 68?
29
What is the remainder when 11554 is divided by 825?
4
What is the remainder when 8423131 is divided by 31?
28
Calculate the remainder when 62052 is divided by 646.
36
Calculate the remainder when 274334 is divided by 68583.
2
Calculate the remainder when 19233 is divided by 118.
117
Calculate the remainder when 40746 is divided by 4.
2
What is the remainder when 641348 is divided by 254?
252
Calculate the remainder when 335267 is divided by 87.
56
What is the remainder when 5252 is divided by 26?
0
What is the remainder when 3573 is divided by 12?
9
Calculate the remainder when 5118 is divided by 292.
154
Calculate the remainder when 251 is divided by 68.
47
What is the remainder when 1257 is divided by 16?
9
Calculate the remainder when 32295 is divided by 38.
33
Calculate the remainder when 4786 is divided by 4019.
767
What is the remainder when 5863 is divided by 54?
31
Calculate the remainder when 912038 is divided by 151.
149
What is the remainder when 1324 is divided by 66?
4
Calculate the remainder when 866 is divided by 675.
191
Calculate the remainder when 20489 is divided by 3406.
53
Calculate the remainder when 994 is divided by 471.
52
Calculate the remainder when 1422736 is divided by 514.
498
What is the remainder when 12261 is divided by 119?
4
Calculate the remainder when 26093 is divided by 118.
15
What is the remainder when 897 is divided by 280?
57
What is the remainder when 139572 is divided by 292?
288
What is the remainder when 456 is divided by 399?
57
Calculate the remainder when 12676 is divided by 139.
27
Calculate the remainder when 9830 is divided by 4915.
0
What is the remainder when 121671 is divided by 30412?
23
Calculate the remainder when 24290 is divided by 294.
182
Calculate the remainder when 2436042 is divided by 921.
918
What is the remainder when 1441 is divided by 723?
718
What is the remainder when 452 is divided by 183?
86
What is the remainder when 788342 is divided by 217?
198
What is the remainder when 47598 is divided by 200?
198
What is the remainder when 43579 is divided by 64?
59
Calculate the remainder when 61445 is divided by 21.
20
Calculate the remainder when 50398 is divided by 271.
263
Calculate the remainder when 130583 is divided by 101.
91
What is the remainder when 130127 is divided by 2501?
75
Calculate the remainder when 3980 is divided by 1056.
812
What is the remainder when 152828 is divided by 24?
20
Calculate the remainder when 391061 is divided by 155.
151
What is the remainder when 1569 is divided by 27?
3
Calculate the remainder when 3531 is divided by 1761.
9
Calculate the remainder when 36872 is divided by 36836.
36
Calculate the remainder when 2048 is divided by 686.
676
What is the remainder when 8482 is divided by 192?
34
Calculate the remainder when 39634 is divided by 39625.
9
What is the remainder when 11891 is divided by 2913?
239
What is the remainder when 1105 is divided by 127?
89
Calculate the remainder when 33709 is divided by 136.
117
Calculate the remainder when 69265 is divided by 17274.
169
Calculate the remainder when 757417 is divided by 174.
169
Calculate the remainder when 1442 is divided by 128.
34
What is the remainder when 8092 is divided by 1622?
1604
What is the remainder when 6050 is divided by 232?
18
Calculate the remainder when 37586 is divided by 28.
10
Calculate the remainder when 254663 is divided by 648.
647
What is the remainder when 5763 is divided by 16?
3
Calculate the remainder when 12624 is divided by 6300.
24
Calculate the remainder when 1804785 is divided by 150398.
9
What is the remainder when 255387 is divided by 811?
733
What is the remainder when 105961 is divided by 59?
56
What is the remainder when 2045 is divided by 12?
5
What is the remainder when 29260 is divided by 636?
4
What is the remainder when 6390 is divided by 2128?
6
Calculate the remainder when 2677 is divided by 249.
187
What is the remainder when 12601 is divided by 300?
1
Calculate the remainder when 44666 is divided by 7440.
26
What is the remainder when 401593 is divided by 205?
203
Calculate the remainder when 11222 is divided by 342.
278
What is the remainder when 3803 is divided by 2819?
984
What is the remainder when 14636 is divided by 712?
396
Calculate the remainder when 51166 is divided by 208.
206
Calculate the remainder when 855 is divided by 115.
50
What is the remainder when 20808 is divided by 4154?
38
What is the remainder when 165153 is divided by 2799?
12
What is the remainder when 340501 is divided by 248?
245
What is the remainder when 31983 is divided by 162?
69
What is the remainder when 55335 is divided by 5029?
16
Calculate the remainder when 701887 is divided by 194.
189
Calculate the remainder when 28521 is divided by 44.
9
What is the remainder when 13867 is divided by 579?
550
Calculate the remainder when 142742 is divided by 222.
218
Calculate the remainder when 122759 is divided by 7670.
39
Calculate the remainder when 70676 is divided by 231.
221
What is the remainder when 30165 is divided by 75?
15
What is the remainder when 101942 is divided by 155?
107
Calculate the remainder when 89376 is divided by 551.
114
What is the remainder when 329769 is divided by 159?
3
What is the remainder when 64818 is divided by 59?
36
What is the remainder when 199187 is divided by 13279?
2
Calculate the remainder when 437082 is divided by 145691.
9
Calculate the remainder when 82819 is divided by 206.
7
Calculate the remainder when 799369 is divided by 215.
214
Calculate the remainder when 111972 is divided by 446.
26
What is the remainder when 3775 is divided by 540?
535
Calculate the remainder when 111386 is divided by 6185.
56
Calculate the remainder when 10102 is divided by 4887.
328
Calculate the remainder when 34073 is divided by 17.
5
Calculate the remainder when 901621 is divided by 782.
757
What is the remainder when 834865 is divided by 37?
34
Calculate the remainder when 5126 is divided by 124.
42
What is the remainder when 27542 is divided by 9179?
5
What is the remainder when 2938427 is divided by 979475?
2
What is the remainder when 245167 is divided by 804?
751
Calculate the remainder when 5710 is divided by 515.
45
What is the remainder when 8345 is divided by 290?
225
Calculate the remainder when 417773 is divided by 94.
37
What is the remainder when 19998 is divided by 2498?
14
What is the remainder when 22955 is divided by 73?
33
What is the remainder when 27231 is divided by 798?
99
What is the remainder when 6131 is divided by 64?
51
What is the remainder when 8368931 is divided by 39?
38
What is the remainder when 978225 is divided by 261?
258
What is the remainder when 177444 is divided by 82?
78
What is the remainder when 5188 is divided by 517?
18
Calculate the remainder when 21436 is divided by 8.
4
What is the remainder when 911 is divided by 170?
61
What 